e 22 + 1 + -187 + 163 - -38.
37
What is 12 + (-15 - 20) + (21 - -1) + -35?
-36
Calculate (0 + 2 - -21) + (-164 - -141) + 17 + -1.
16
Evaluate 2 + (-17 - 20) + 7 + 115.
87
Evaluate 3 + 5 - 7 - (47 - 19).
-27
11 - ((10 - (19 - 25)) + -26 - 76)
97
Calculate 82 + (-85 - (79 + 1)).
-83
What is 22 + -3 + (-15 - -11 - -8)?
23
What is the value of 68 - -42 - (9 - -26)?
75
Calculate -2 + (-170 - -58) + -21 + (20 - -2).
-113
(-5 + -11 - -44) + -54 + 6
-20
Calculate (5 - 38 - -7) + -9 + -8 + 28.
-15
Evaluate 0 + -47 + (-48 - -26) + 119.
50
(-3 + 24 - 10) + (110 + -145 - (1 + -2))
-23
Calculate 0 + (1 - -2) - (-20 - (85 + -220)).
-112
Calculate -38 + 13 + 46 + -1 + -28.
-8
Calculate 1 + -1 - (-132 - -125 - (7 - 54)).
-40
Evaluate 16 + -8 - 1 - 6 - (-24 - -41).
-16
Calculate -39 - (3 + (11 - 3) + (16 - 44)).
-22
Calculate -77 + 22 + 2 + 132.
79
-31 - ((-9 - 20) + 25 + (-3 - -8))
-32
Evaluate (41 + -4 + -3 - 6) + 2 + -15.
15
What is -19 + (91 - 90 - (33 - -1)) + -6?
-58
Calculate (4 - 2) + 1499 + -1498.
3
What is -18 + (782 - 770) + 0 + -67 + -1?
-74
What is -27 + (-42 - (40 + -169)) - -6?
66
Evaluate 24 + -8 + 21 + -1 + -31 + (15 - 0).
20
Evaluate -45 + (3 + -55 - -135).
38
97 + -7 - 116 - (0 - 8)
-18
What is 21 - ((-17 - -7) + 18) - 31?
-18
Calculate -6 + (56 + -68 - (0 - 1)) - 6.
-23
What is the value of 2 - 12 - (3 + (31 - 5) + 58 + -41)?
-56
What is the value of (-7 + 5 - 9) + (-102 - 0) + (3 - -1)?
-109
-29 - (1 + 37 + -17 + -45)
-5
-20 + (-5 - -15) + -1 + -121 + -3 + 9
-126
Evaluate (-2 - -2) + 27 + (-105 - -101) - (-16 - -20).
19
What is 67 + (28 - 40) + (-1 - -3 - 4) + -7?
46
Calculate 4 + -1 + (220 - 192) - (-4 - 3).
38
Evaluate -26 + 15 + -26 + 2 + 1.
-34
What is 5 - 1 - (-8 + (18 - 6)) - (32 + 15)?
-47
Evaluate 97 - (58 + -6 + (-35 - -18)).
62
(26 - -47 - 16) + -83
-26
Evaluate 61 + -5 + -89 - (6 + 10).
-49
What is (-2 - -10) + -9 - (-18 + 11)?
6
Evaluate (6 - 8) + 9 - 144 - (-141 + 120).
-116
What is the value of 0 + -5 - (28 - 84 - -13)?
38
What is -11 + -24 + 37 - -51?
53
31 - (-53 - (-27 + -51))
6
Evaluate (-17 - -40 - 26) + 24 + -4 - -16.
33
What is -36 + 18 + -79 + 55 + (-9 - 1)?
-52
What is the value of 54 - (-17 + (69 - -32))?
-30
Calculate 20 + 3 + -28 + (19 - 60).
-46
What is -11 + (-14 - -10 - -14 - -2 - 6) + -22?
-27
Evaluate (-160 - (-434 - -259)) + (-2 - -1 - 93).
-79
What is the value of (-81 - (-30 + -44)) + (-2 - -4)?
-5
-57 - (51 + -54) - -86
32
What is the value of (2 - (-41 + -1)) + (156 - -15) + -177?
38
What is the value of -79 - (31 - 83) - (1 - -11)?
-39
What is the value of -11 + 11 + 111 + -26 + 4 + 2?
91
Calculate -17 + -4 + 3 + 1905 + -1917.
-30
Calculate 10 + (111 + -37 - 30) + 11.
65
What is -10 + 13 + 24 + 1 + -17?
11
Calculate 7 - (9 - (-97 + 31)).
-68
Evaluate -29 + 3 - ((-11 - -2) + 12 + (15 - 18)).
-26
Evaluate -103 + (19 - -126 - 69).
-27
Evaluate 76 + 35 + -64 + -10.
37
What is the value of -1 - 1 - -10 - 13 - (102 + -23)?
-84
-17 + (68 - 69) + 8 + (0 - -1)
-9
Calculate -1 + 113 - (-204 + 110 + 130).
76
What is the value of (-18 + 17 - 23 - -75) + 2 + -3?
50
Calculate -2 + 42 - (72 + -71) - -1.
40
Evaluate -7 + 5 + -13 + 21 + 1 + -3 + 12.
16
What is the value of -49 - (157 + -185 + (17 + -1 - 1))?
-36
Evaluate -9 + 24 + 7 + -5 + (-51 - -35).
1
Calculate 63 + (-88 - -22) - (0 - 16) - -7.
20
What is -1 + 3 + -2 + (8 + -32 - 8 - -23)?
-9
Evaluate 74 + (-201 - -114) - 89.
-102
What is 118 + -91 - 111 - 23?
-107
Calculate 4 + -23 + -5 + -3 + 15 - (0 - 62).
50
111 + -117 + -4 + 8 + -5 + 2
-5
What is 3 + 4 + (-13 - 12 - -13 - 6)?
-11
What is the value of -1041 + 1155 - (-3 + 23)?
94
Calculate (24 - (-23 + 23 - -86)) + 20.
-42
Evaluate (-1 + 46 - (-556 + 583)) + 13.
31
What is (10 - 2) + -22 - -18?
4
-7 + (-17 + (-2 - -5) + -3 - (-123 + 122))
-23
What is the value of 13 + -106 + 195 + -28?
74
Calculate (16 - 0 - (5 + 22)) + 2 - -13.
4
What is 9 + -21 + 10 + -6 + 6 + 13?
11
68 + 8 + -15 - 51
10
Calculate -110 - -186 - (-14 - (3 + -2)) - (12 - -2).
77
What is the value of (154 - 139) + -16 + 3?
2
What is the value of 18 + -14 + (9 - -6 - (-1 + 6))?
14
16 + -145 + 62 + 54
-13
What is the value of (0 - -15) + (484 - 477) - 17?
5
9 - (8 + 78) - (-10 + -21 + (25 - 8))
-63
(9 - 29) + (-62 - -187) - 21
84
Calculate 26 + -76 + 1 + 2 + 0 + -5 + 5.
-47
1 + (-4 - 4 - 3) + -65 + 65
-10
What is 0 + (23 - 0) + -79 + 9 + 72?
25
What is the value of -3 - -5 - 5 - ((36 - 75) + 43)?
-7
What is (145 - (138 + -4)) + -49 + 2?
-36
Calculate -24 + (1 - -1) - (4464 + -4494).
8
Calculate -53 + -86 + (126 - 56).
-69
Calculate 1 + 39 + (439 - 471).
8
What is the value of -87 + 20 + -11 + 35 + -27?
-70
(19 + 12 - 33) + (0 - -26) + 6
30
What is the value of (-15 - -2) + 0 + (-3 + 11 - 73)?
-78
What is the value of -33 + 71 + -39 - (-1 + -7)?
7
What is the value of 3 + ((-23 - -29) + -23 + 0 + 11 - -93)?
90
Evaluate (-14 - (8 + -19)) + -6 + (3 + 36 - 4).
26
2 + 4 - (1 + 9 + 16)
-20
What is (35 - 48 - -5) + 108 - 11?
89
What is the value of (-4 - -2) + 0 - ((223 - 152) + -106)?
33
What is the value of (-3 - (12 + -6) - -1) + 0 + 20?
12
What is -100 + 57 + 41 - (3 + 71)?
-76
Evaluate 1 + -12 + -2 - -2 - (-101 - (34 + -188)).
-64
What is (11 - (-30 + 60)) + 17 - -85?
83
What is the value of (10 - (1 + -1)) + (28 - (29 + (-19 - -46)))?
-18
Evaluate -641 - -652 - ((-1 - 64) + (2 - 4)).
78
Evaluate -11 - (60 + (-39 - -6)).
-38
-16 - (12 - (-362 - -372 - (-5 + (0 - 0))))
-13
-91 - (-7 + -6 + 1 + (4 - -2 - 4))
-81
Evaluate 5 + -4 - 9 - (-2686 + 2598).
80
What is the value of -20 - (-9 + -36 + 35)?
-10
What is -3 - ((-21 + 19 - 25) + 24)?
0
Evaluate -3 - -22 - ((-4 - -25 - (11 - -3)) + -11).
23
Evaluate (-7 - 25 - (0 - 13)) + 33.
14
What is the value of 31 - 3 - (23 - (26 - 12) - 19)?
38
What is (-87 + -26 - -110) + 88?
85
What is 19 + -127 - -78 - -77?
47
Evaluate -38 + -6 - (-29 - (-50 - -40)).
-25
Evaluate (-47 - 6) + 3 - (-13 - (-14 - (9 + -5))).
-55
What is 15 - 40 - -46 - 59?
-38
Calculate (6 + -5 + -8 - -3) + 1.
-3
What is the value of -3 - 5 - (-52 - (7 + -4 + -6 + 8))?
49
What is (-52 - (-72 - -115)) + -21 + (1 - -14) + -1?
-102
12 + -17 + -51 + 42
-14
What is the value of 0 + -2 + (-2 - -10) - -7 - 121?
-108
What is (-94 - 3 - -57) + (-6 - 17)?
-63
Evaluate (10 - 8) + -7 - (-12 - -29).
-22
What is 42 + -24 + (0 - 16 - -5) + -5 + -43?
-41
Evaluate (49 - (-42 - -82)) + -54.
-45
What is the value of -3 + -51 - 1 - -51?
-4
What is (18 - 18) + (3 + -10 - -15 - 11) + -9?
-12
(1 - (-8 - -4)) + (27 - -9) + -13 + 3
31
-3 - (5 - 14) - (26 - 1) - (13 + -8)
-24
Evaluate -42 + -26 + 55 + (12 - -76).
75
What is -15 - (0 - (-14 - 1 - (0 - (17 + -34))))?
-47
-18 - (621 + -568 + -3 + -13)
-55
What is the value of 4 + -3 + 0 + -16 + (-259 - -326) + -9?
43
What is -21 - -3 - ((18 - 18) + -18 - -9)?
-9
-8 - ((-20 - -37) + (-11 - -9 - (14 - 1)))
-10
What is (10 - 22) + 24 + -18 + 18?
12
Evaluate (-58 - (-72 - -31)) + (-2 - -12).
-7
Calculate (-5 - (19 + 4 + -7)) + 20.
-1
Calculate -94 - (-49 + 52 + -20 + 20 + -10).
-87
Calculate (13 - (19 - -17) - -2) + 20.
-1
Calculate (-13 - (3 + 0 - 4)) + 3 - (279 - 313).
25
Evaluate (-11 - (-4 + 7)) + -30 + 55.
11
What is the value of (-197 - -6) + 173 - (4 + (2 - -2 - 2))?
-24
7 + -25 + 38 + (2 + -23 - -3)
2
What is the value of (73 - 4) + -21 + -36?
12
(-8 - -13) + 0 - -1 - (87 - 5) - -10
-66
(-6 - -19 - -7) + -19 - (0 - -2 - -35)
-36
What is the value of 0 + (0 + -9 - (-29 + 17)) + -6 + 16?
13
-5 + -4 + (9 - 8) + -5 - (39 + -52)
0
Evaluate -31 + (-2 - (1 - (-14 - (-29 - -10)))) + 16.
-13
Evaluate (-33 - -52) + -19 + -37.
-37
Calculate 10 - 44 - (28 - 3 - 6).
-53
13 + (27 - -5) + -29
16
What is the value of 0 + 35 - ((-19 - (-18 + -15 - -18)) + 14)?
25
What is the value of -17 - (26 - 55) - 1?
11
What is the value of -79 + (0 - 9) + -64 + (-51 - -132)?
-71
(40 - 53) + (0 - -24) + 39
50
-11 - (-7 + -28 + -5 - (-12 + -9 + 17))
25
What is the value of -54 + 30 - (17 + -11)?
-30
58 - (30 + (65 - 49))
12
What is 2 - ((52 - 15) + 2)?
-37
What is (-57 - -92) + (-90 - -10) + -35?
-80
Evaluate 30 + 102 + -46 + -36.
50
Calculate 7 + (1 - -13 - (8 - 9 - 0)).
22
What is the value of (-2 - (12 + -1 + -10 - 13)) + -1 + -45?
-36
Calculate 0 - (-76 + (-62 - -73)).
65
Calculate (24 - -1) + 9 + (-16 - 3).
15
What is the value of (8 + 14 - (